-2*p + 3*a. Suppose z = -d + 420, p*z + 3*z - 5*d - 2080 = 0. Calculate the highest common divisor of 44 and z.
22
Let w = -1229 - -1250. Calculate the highest common factor of w and 1596.
21
Let b(o) = 5*o**2 - 320*o + 3205. Let z be b(10). What is the highest common factor of 707 and z?
101
Let p(o) = o**2 - 5*o + 2. Let z be p(10). Let a = -48 + z. Suppose -2*u - a*k - 15 = -3*u, -u = 3*k - 22. What is the greatest common divisor of u and 152?
19
Suppose -2*k = -3*p + 36754, -230*p + 235*p = 3*k + 61257. What is the highest common factor of 24 and p?
12
Let i be 459 + -12 + 22 - 4. Calculate the highest common divisor of 5735 and i.
155
Let g = 28 + -13. Suppose 3*s - 1697 = -g*c + 19*c, 5*c - 1139 = -2*s. Calculate the greatest common factor of s and 21.
21
Suppose -130*o = -127*o - 3. Let g be o + 0/(-2) - (-158 + 114). What is the highest common factor of g and 105?
15
Let a be 40689/(-6)*(-1 - (-1)/3). Suppose -a = -23*c + 2563. Calculate the highest common factor of c and 28.
28
Let g(l) = -103*l + 4. Suppose 16 = -4*m, -2*h + 2*m = m. Let k be g(h). Let y(z) = 36*z - 649. Let q be y(19). What is the greatest common divisor of k and q?
35
Let h = -393 + 423. Let v be (-1)/(2*(-6)/3960). What is the greatest common factor of h and v?
30
Let j be (-12 + (0 - -14))*51. What is the highest common divisor of j and 6222?
102
Let h be ((-4)/(-6))/((-22)/165)*(-108)/135. Calculate the greatest common factor of 40 and h.
4
Suppose 3*u + 229 = -2*x, 0*x = -x - u - 114. Let y = x + 58. Let c = y + 75. Calculate the greatest common divisor of 180 and c.
20
Let p = 17547 - 17339. Calculate the greatest common divisor of p and 1296.
16
Let n(o) = -13*o + 77. Let h be n(10). Let v = 143 + h. Calculate the greatest common factor of v and 9.
9
Suppose 5*u = 154 + 371. What is the highest common divisor of 84 and u?
21
Let r(i) = 3*i**2 - 545*i - 25810. Let l be r(-39). Let q be -2*((-2)/(-4) + 0). Let d = q + 2. Calculate the greatest common factor of d and l.
1
Let t(s) = -82*s**3 + 2*s**2 + 11*s + 2. Let r be t(-2). Calculate the greatest common divisor of r and 91.
7
Suppose -19*j + 15*j = -k + 104, 19*k = 4*j + 2480. What is the highest common divisor of k and 36?
12
Let v = -22291 + 24631. Calculate the greatest common factor of 104 and v.
52
Let n(d) = 4*d + 10. Let b be n(0). Let f be 181 + b/2 + 60/(-6). Let j = 33 - 11. Calculate the greatest common divisor of f and j.
22
Let j = -368 + 595. Let b = 242 - j. What is the highest common factor of b and 9?
3
Let d = 324 - 226. Let j = -129 - -131. Suppose -82 = -6*b + j. Calculate the highest common factor of d and b.
14
Let a(d) = 149*d - 731. Let q be a(5). Suppose -2*m + 31 = 11. Calculate the greatest common divisor of m and q.
2
Let m(k) = -280*k + 7. Let n(t) = 559*t - 13. Let z(x) = 5*m(x) + 3*n(x). Let y be z(2). What is the highest common factor of 50 and y?
50
Let o be ((-3)/(-75))/(82/2050). What is the greatest common factor of 714 and o?
1
Suppose -4*z + 4*j + 8 = 0, 0*j - 5 = -4*z + 5*j. Suppose -4*x = g - 19, -5*x + 2*x - 7 = z*g. Calculate the highest common factor of 282 and x.
6
Let i be (127*-3)/3*-1 - 2. Let j = 140 - i. Suppose j*m = 13*m + 56. What is the highest common divisor of 252 and m?
28
Suppose 86*q = 91*q + 310. Let i = 2 - q. Calculate the highest common divisor of 48 and i.
16
Let u(i) = 16*i + 1034. Let k be u(-64). Let r(s) = -3*s**2 + 6*s - 1. Let v be r(5). Let o = 106 + v. Calculate the greatest common divisor of o and k.
10
Let b = 93 - 182. Let w = b + 97. Suppose -2*x - 3*l = -158, 5*l = w*l - 6. What is the greatest common factor of 19 and x?
19
Suppose 49*j - 2*r - 7600 = 44*j, 0 = -j - 5*r + 1520. Calculate the greatest common factor of j and 1045.
95
Let a(t) = 365*t**2 + 267*t - 807. Let k be a(3). Calculate the highest common divisor of k and 3.
3
Let x(w) = w**3 - w**2 - 3*w + 108. Let f(t) = -t**3 + 8*t**2 + 5*t - 84. Let b be f(7). Let r be x(b). What is the highest common factor of 180 and r?
36
Let x = 6238 + -5808. What is the greatest common factor of 5074 and x?
86
Suppose 0 = -5*u - 2*g - 1, 5*u = 4*u + 2*g + 7. Suppose -86 + 90 = -z + 53. What is the greatest common factor of u and z?
1
Let p be (-10)/(-4) - 2/(-4). Suppose 9 - 81 = -p*l. Suppose 6 = -0*o + o. Calculate the greatest common divisor of l and o.
6
Let h(k) = 9*k - 124. Let n be h(19). Calculate the greatest common factor of 611 and n.
47
Suppose -w = 5, 4*a - 2*w - 32 = 506. Calculate the highest common factor of a and 429.
33
Suppose 0 = 4*c + 11*z - 13*z - 66, -5*c + 5*z = -85. What is the highest common divisor of c and 134?
2
Let m(y) = 7*y - 65. Let v be m(17). Let a be 1/(8/2) + v/8. Suppose 0 = n - 4*z + 3*z - 4, 4*z + 9 = 3*n. What is the highest common divisor of n and a?
7
Suppose -31*g + 277 + 1025 = 0. Suppose 5*v - l - 15 = 0, 10 = -2*l - 0*l. Let m be (-1)/v - (-113)/2. What is the highest common factor of g and m?
14
Let g be ((-140)/(-2))/((-10)/(-325)*13). Let o be (2 + -77)*(-7)/(g/60). What is the greatest common divisor of o and 40?
20
Suppose -o - 186 = 2*o + c, -5*c = 5*o + 300. Let x be 140/o - -2 - (-310)/18. Suppose -7 = 2*q - x. Calculate the highest common divisor of 35 and q.
5
Let p = -1935 - -2058. What is the greatest common factor of 779 and p?
41
Suppose 5*b = -s + 20, -s + 2*b = s - 4. Suppose -37*y - s*y + 504 = 0. What is the highest common divisor of y and 30?
6
Let d(v) = -14*v - 206. Let i be d(-15). Suppose -4*n = -27 - 21. Calculate the greatest common factor of i and n.
4
Suppose 5*f = 3*q + 365, 4*f = 5*q + 410 - 105. Let u = -3 - -3. Suppose 0 = -5*o - 5, y - 2*o = -u*y + 12. Calculate the greatest common divisor of y and f.
10
Suppose 7*y - 4*y - 5*q = 1454, -3*y + 1504 = 5*q. Let u(l) = -3*l + 38. Let h be u(7). Calculate the greatest common divisor of h and y.
17
Let x = 70 + -70. Suppose l = 5*i - 5, 3*l = -i - x*i + 17. Suppose -f - 5 = i*q - 35, -q + 33 = f. What is the highest common divisor of 48 and f?
12
Suppose 3*u = s - 69, 3*u - u - 276 = -4*s. Suppose -64*t = 3*n - 60*t - 25, 0 = -5*n + 2*t + 7. What is the highest common factor of n and s?
3
Let i(m) = 11*m**2 - 25*m - 111. Let r(l) = -11*l - 260. Let f be r(-23). Let o be i(f). Calculate the highest common factor of 134 and o.
67
Let f = -8207 - -8225. What is the highest common divisor of f and 3474?
18
Suppose -120*d + 429 + 1251 = 0. What is the highest common factor of d and 3101?
7
Let c = -566 + 656. Calculate the greatest common factor of 5580 and c.
90
Let u be (280/(-32))/(4/(-80)). Suppose -u = -9*z - 166. What is the greatest common divisor of 13 and z?
1
Let l be 4/6*34*1*(-124 - -148). What is the greatest common factor of l and 192?
32
Let o = 15 + -13. Let t be (-2)/(-12)*9*o. Let c(r) = -r**3 - 2*r**2 - 2*r - 7. Let z be c(-4). Calculate the highest common factor of z and t.
3
Let q be (1190/20)/(70/360). Calculate the highest common factor of 4182 and q.
102
Suppose -20*b + 11866 - 3226 = 0. What is the greatest common divisor of b and 5328?
144
Suppose -4*l - 109*q + 129 = -114*q, -3*l + 3*q = -96. What is the greatest common divisor of 496 and l?
31
Suppose 0 = -5*i - u + 15, i - 3 = -0*i - 3*u. Suppose 2*q = i*g + 534, 5*q - 1874 + 546 = 4*g. Calculate the greatest common factor of 33 and q.
33
Suppose 3*z - 795 = -132. Suppose 5*b - 3*i = 94, 4*b - 5*i - 26 = 57. What is the greatest common divisor of b and z?
17
Suppose -61*j - 3170 = -56*j. Let p = 1061 + j. What is the greatest common factor of p and 7?
7
Let r = -9329 - -9395. Calculate the highest common factor of r and 1221.
33
Let u be 13/(-156) - (-21065)/60. What is the greatest common divisor of u and 4797?
117
Let u be ((-190665)/540 - 2/(-24))*-13. Calculate the highest common factor of 143 and u.
13
Let s be 42/28*1/(1/12). Suppose -2*p - p - 300 = 0. Let h = -58 - p. What is the greatest common divisor of h and s?
6
Let c = 39 - 20. Suppose -5*y + 6*b - b = -10, 3*b + 4 = y. Let o be ((-114)/2)/(-3 - y - -3). What is the greatest common divisor of o and c?
19
Let o = 9385 - 9349. Calculate the greatest common divisor of 1932 and o.
12
Let d be (-6)/(2 - (-16)/(-6)). Let o be (8/6)/(2/d). Let u be 173376/(-2580)*(-10)/7. What is the highest common divisor of u and o?
6
Suppose -4